uppose 0 = 5*o + 2*s - 45, -75 = -5*o - 4*s + i*s. List the prime factors of o.
11
Let k(p) be the first derivative of p**4/4 + 4*p**3/3 + p**2 + p + 2. Suppose 25 = -2*h - 3*h + 5*n, -4 = -2*n. List the prime factors of k(h).
2
Let x(l) = 6*l**2 - 3*l + 8. What are the prime factors of x(4)?
2, 23
Let x(u) = 0 + 3*u**2 + 1 + 2 + 5*u. Let a be x(-4). Let h = -20 + a. List the prime factors of h.
11
Let v(h) = h**2 + 4*h - 4. Suppose 3*r + 16 = -2. Let y be v(r). Let o(k) = k**3 - 7*k**2 - 6*k - 6. What are the prime factors of o(y)?
2, 5
Let i = 2 - 5. Let y = 18 + i. List the prime factors of y.
3, 5
Let i be (4/(-2))/((-4)/8). Suppose i*b + 31 = 147. What are the prime factors of b?
29
Suppose -4*h + 2*h = -36. Suppose -4*d + h = -106. List the prime factors of d.
31
Let c(w) = 2*w - 16. Let g be c(11). Suppose 2*v - g*v - 3 = -3*k, 0 = -4*k + 4*v + 8. Suppose -2*r = 5*u + k - 14, r = -2*u + 7. List the prime factors of r.
17
Let r(l) = 19*l - 10. List the prime factors of r(3).
47
Let o = -31 + 51. What are the prime factors of o?
2, 5
Let s(v) = 4 - 2 + 5*v**2 - 6*v**2 + 5*v. Let o(a) = a. Let c(y) = 6*o(y) - s(y). What are the prime factors of c(-4)?
2, 5
Let s(b) = -b**3 + 10*b**2 + 21*b + 12. List the prime factors of s(9).
2, 3, 47
Let f = -12 - -7. Let c(l) = 2*l - 4*l - 6 - 2*l + 2*l. List the prime factors of c(f).
2
Let w(z) = 13*z - 15. List the prime factors of w(16).
193
Suppose -4*k + 2*k - 5*g = -18, 22 = 3*k + 5*g. Suppose 0 = -2*n - 3*y - 1, 5*n - 5 = -k*y + 3. List the prime factors of n.
2
Let s(o) = -2*o**3 - 2*o. Let l be s(-2). Suppose 4*g - f = f + 42, -l = 4*f. List the prime factors of g.
2
Let z be ((-2)/3)/((-2)/(-6)). What are the prime factors of (-38)/(-3) + z/(-6)?
13
Let l(z) = z**2 - 2*z. Let w be (9/(-12))/(2/(-8)). Let i be l(w). Let b = 0 + i. What are the prime factors of b?
3
Let f(k) = k**3 - 3*k**2 + 3*k - 2. Let z be f(2). Suppose g - 4*g = z. List the prime factors of (g - -6)*(-2)/(-6).
2
Let q = 421 - 251. What are the prime factors of q?
2, 5, 17
What are the prime factors of 2/1*376/16?
47
What are the prime factors of ((-8)/(-5))/((-6)/(-225))?
2, 3, 5
What are the prime factors of (24/14)/(10/210)?
2, 3
Suppose 3*m = -2*m + 2*w + 1333, 535 = 2*m + w. List the prime factors of m.
3, 89
Let w(d) be the third derivative of d**6/120 - d**5/30 - d**4/4 + 5*d**3/6 + d**2. List the prime factors of w(4).
13
What are the prime factors of -5 + 5 - (0 - 55)?
5, 11
Let o = 8 + -8. Suppose -4*j + 5*u = -145, 3*j - 2*u + o*u = 100. List the prime factors of j.
2, 3, 5
Let v = 40 + -21. List the prime factors of v.
19
Let r(p) = p**2 + 2*p - 7. Let h(j) be the second derivative of -j**5/20 - j**4/2 - j**3/2 + 5*j**2/2 + j. Let q be h(-5). What are the prime factors of r(q)?
2
Suppose 0 = 3*l - 2*r, -l + 9 = 5*r - 8. List the prime factors of (-1230)/(-110) - l/11.
11
Let o be 21/2*4/(-6). Let q be (o - -2)*54/(-15). Let r = -3 + q. List the prime factors of r.
3, 5
What are the prime factors of 2/(4*1/44)?
2, 11
Let w = -2 + 0. List the prime factors of w/3 + (-224)/(-12).
2, 3
Let n = -344 - -610. Suppose -5*t - l = -n, 110 = t + t + 4*l. What are the prime factors of t?
53
Suppose -1 = -2*g - 5*i, 3*g + 3*i = -0*i - 3. What are the prime factors of ((-1)/g)/((-3)/(-210))?
5, 7
Suppose 0 = 2*i - 3*i + 3. Let n = i + 2. Suppose -3*z + 17 - 2 = -5*g, z - n = 5*g. What are the prime factors of z?
5
Suppose -3*w + 6 = -0*w. Suppose w*o = -o + 66. List the prime factors of o.
2, 11
Let m be (-1)/(1 + 1 + -1). Let k = 2 + m. List the prime factors of k/(3/33 + 0).
11
Suppose 0 = -v - 5*j + 29 - 6, -2*v + 34 = 4*j. List the prime factors of v.
13
Suppose -10*r + 13*r - 129 = 0. List the prime factors of r.
43
Let d(n) = -21*n - 12. What are the prime factors of d(-3)?
3, 17
Suppose 5*m = 105 + 55. What are the prime factors of m?
2
Suppose -3*p = -0*p + 6. Let w be p/(3 - 219/75). Let f = 40 + w. What are the prime factors of f?
3, 5
Suppose 0 = 2*m + o - 344 - 127, 713 = 3*m - 5*o. What are the prime factors of m?
2, 59
Let i be (-98)/8 + 6/24. Let p = -1 - i. List the prime factors of p.
11
Let n be (-1)/2 - (-73)/2. Suppose -2*u + n = -4*l, -2*u - 3*l + 105 = 2*u. List the prime factors of u.
2, 3
Suppose -4*d + 67 = -2*c + 247, -84 = -c + 4*d. List the prime factors of c.
2, 3
Let c = 36 + 23. What are the prime factors of c?
59
Let z be ((-6)/4)/((-2)/12). Suppose z*d = 4*d + 80. List the prime factors of d.
2
Let i(q) = 3*q**3 - 9*q**2 + 5*q**2 + 4 - 1 + q - 3*q. List the prime factors of i(3).
2, 3, 7
What are the prime factors of (1 + 0)/((-1)/(-97))?
97
Suppose 7*h - 48 = 5*h. What are the prime factors of h?
2, 3
Let h = 759 + -165. Let s be h/24 + 2/8. Let j = s + -15. What are the prime factors of j?
2, 5
Suppose 181 = 5*x - 204. List the prime factors of x.
7, 11
Let k(t) = t**2 - 6*t + 17. What are the prime factors of k(-7)?
2, 3
Suppose 0*h - 5*j = -h - 7, -5*j + 5 = 0. Let q be 1 + (h - -2) + -1. Suppose -3*f - 7*l + 3*l = -11, q = 3*l + 12. What are the prime factors of f?
3
Let w(f) = -13*f. Let s(j) = 7*j. Let t(n) = 11*s(n) + 6*w(n). What are the prime factors of t(-2)?
2
Suppose 2*d = 4*y + 3*d - 63, 0 = -5*y + 3*d + 83. Let s be 8/(-20) - 54/(-10). Suppose 2*f - y = -s*w + 3*f, 4*f = -w - 1. List the prime factors of w.
3
Let c be (-86)/(-18) - 4/(-18). Suppose c*r - 28 = 3*r. What are the prime factors of r?
2, 7
Let a(k) = k**2 - 6. What are the prime factors of a(6)?
2, 3, 5
Let v(m) = -17*m - 1. Let l be v(1). List the prime factors of (-4)/l - 178/(-9).
2, 5
Let v = -380 + 636. List the prime factors of v.
2
Let h(w) = 15*w. Let y be h(5). Let c = 5 + -1. Suppose y = c*z + z. What are the prime factors of z?
3, 5
Suppose 4*d + 2*y - 3*y = 365, 2*y = -2*d + 190. What are the prime factors of d?
2, 23
Suppose 3*u - 4*u = -5. Let h = u - 3. List the prime factors of h.
2
Suppose 36 = 4*m - 5*y, 0 = -4*m + m - 2*y + 50. Suppose -3*s + m = -61. List the prime factors of s.
5
Suppose 4*b + b = 65. What are the prime factors of b?
13
Let h = -10 - -12. Suppose -q + h*q - 2 = 0. List the prime factors of q.
2
Suppose -4*u = -7*u, 0 = -5*y + 5*u + 10. Let p be 1 + y - (3 - 3). Suppose z + p*z = 60. What are the prime factors of z?
3, 5
Let z = 155 - 110. List the prime factors of z.
3, 5
Let k(d) = -d**3 - 5*d**2 + 5*d. Let l = 5 - 11. Let x = l - 0. What are the prime factors of k(x)?
2, 3
Let y be (2 - 1 - 2)/1. Let f be 1*(3 - (-2)/(-2)). List the prime factors of 2 + f + y/1.
3
Let c(v) = v**3 - 10*v**2 + 11*v + 2. List the prime factors of c(9).
2, 5
Let z(o) = 3*o**2 - o + 1. Let c be z(-2). Let h = c - 10. Suppose 0 = -10*j + h*j + 60. What are the prime factors of j?
2, 3
What are the prime factors of -2 + (387/(-6))/(2/(-4))?
127
Let p = 11 - 6. Let u be ((-4)/p)/((-2)/5). Suppose x = u*x - 4. What are the prime factors of x?
2
Suppose 0 = -5*o - 2*y + 525, 0 = 4*o - 0*o - 4*y - 392. List the prime factors of o.
103
Let t be 25 - (6/2)/1. Suppose t = p - 17. What are the prime factors of p?
3, 13
Let p = -11 - -15. Suppose p*b - 22 = 2*b. What are the prime factors of b?
11
Let y = -33 + 75. Suppose 4*o + 2*h - 92 = 0, 2*o + 3*h + 0*h = y. Let z = o - 11. List the prime factors of z.
13
Suppose 57 + 21 = 3*o. List the prime factors of o.
2, 13
Let a(v) = -3*v + 8. Let o be a(-6). Suppose -2*n + o = 6. What are the prime factors of n?
2, 5
Suppose -2 - 3 = q. Let w be 48/(-4) + 0/1. Let g = q - w. List the prime factors of g.
7
Suppose 5*o - 781 = -281. What are the prime factors of o?
2, 5
Suppose -y = -8 - 16. Let w be (15/2)/(9/y). List the prime factors of -5*(-4)/(w/9).
3
Suppose -l - 4*l = -15. Suppose 0 = -4*t + 6*r - 2*r - 8, -2*r + 12 = 2*t. Suppose -t*o - l = -15. What are the prime factors of o?
2, 3
What are the prime factors of ((0 - 3) + -40)/((-1)/1)?
43
Suppose -2*r - 4*z = -27 - 41, 0 = -2*z + 6. List the prime factors of r.
2, 7
Let f(z) = 3*z - 14. Let w be f(6). Suppose 0 = w*x - 8*x + 180. What are the prime factors of x?
3, 5
Suppose -4*y + 8 = -4*b, -5*y - 5*b = 11 + 29. Suppose -2*n = n. Let w = n - y. List the prime factors of w.
3
Let s = -9 + 9. Suppose t - 2*p + 4 = s, -3*t - 2*p - 39 = 5. Let a = t - -27. What are the prime factors of a?
3, 5
Let s = 441